9098?
78
Calculate the greatest common divisor of 15603 and 9093.
21
Calculate the highest common factor of 560326 and 31694.
598
Calculate the highest common factor of 1248 and 9723792.
624
Calculate the greatest common factor of 319 and 68952169.
319
What is the highest common divisor of 10770 and 727110?
30
Calculate the greatest common divisor of 992479 and 904.
113
Calculate the greatest common divisor of 1810050 and 9275.
25
What is the greatest common factor of 78493112 and 1651?
127
What is the highest common divisor of 65444871 and 2526?
1263
What is the greatest common factor of 349773 and 192417?
93
What is the greatest common divisor of 119025573 and 94?
47
What is the highest common factor of 1091626865 and 1190?
595
Calculate the highest common factor of 28 and 57680546.
14
Calculate the greatest common factor of 219 and 47202.
3
What is the highest common factor of 109380907 and 4516?
1129
Calculate the greatest common factor of 15492113 and 429.
13
What is the greatest common factor of 59420 and 4540?
20
Calculate the greatest common divisor of 1136 and 49729088.
16
What is the greatest common divisor of 1340746665 and 1290?
645
Calculate the highest common divisor of 180 and 2623905.
45
Calculate the highest common divisor of 688178 and 211391.
1543
Calculate the highest common factor of 225 and 48599325.
225
What is the highest common factor of 854 and 1070776?
14
Calculate the greatest common factor of 909354 and 31.
31
What is the highest common factor of 975 and 1873295775?
975
Calculate the highest common factor of 197635176 and 72.
72
What is the highest common divisor of 689 and 7112971?
53
Calculate the greatest common factor of 4475946 and 647.
647
What is the greatest common divisor of 9045273 and 7068?
1767
What is the greatest common divisor of 2492776 and 220?
44
What is the greatest common divisor of 768504 and 52316?
1804
Calculate the greatest common divisor of 18268386 and 18145.
3629
What is the greatest common divisor of 9144 and 12880467?
1143
Calculate the highest common factor of 3913000 and 179725.
2275
What is the greatest common factor of 14716666 and 2120110?
10342
What is the highest common divisor of 27702 and 51426?
18
What is the highest common divisor of 274557 and 716745?
213
Calculate the greatest common factor of 3485145 and 165555.
4245
What is the highest common factor of 31211015 and 115?
5
Calculate the greatest common factor of 6 and 3401331.
3
Calculate the greatest common factor of 7014179 and 683965.
4717
What is the greatest common divisor of 436 and 248464628?
436
Calculate the greatest common divisor of 678152 and 251320.
824
Calculate the greatest common factor of 3813 and 544608.
93
Calculate the highest common divisor of 10790820 and 1440.
180
Calculate the highest common divisor of 610 and 3630171.
61
What is the highest common divisor of 2131297 and 1344?
7
Calculate the highest common divisor of 33138 and 36058878.
4734
Calculate the highest common factor of 440999 and 156.
13
Calculate the greatest common factor of 4648 and 63224.
56
What is the greatest common divisor of 136 and 136856?
8
Calculate the greatest common divisor of 35 and 249188445.
5
What is the highest common divisor of 14820 and 3994693?
19
What is the greatest common factor of 232849 and 697?
17
What is the greatest common factor of 13 and 47016567?
13
What is the greatest common divisor of 1344 and 952453056?
192
Calculate the highest common divisor of 112860 and 57780.
540
What is the greatest common factor of 5541571 and 24045?
1603
Calculate the greatest common factor of 5202 and 608448.
6
What is the greatest common factor of 12038975 and 1700?
425
What is the highest common divisor of 2022670 and 390?
130
Calculate the greatest common factor of 7007890 and 90.
10
What is the greatest common divisor of 5867590 and 9150?
610
Calculate the highest common factor of 3576 and 8839276.
596
What is the greatest common divisor of 148980 and 104095?
955
Calculate the highest common factor of 88626520 and 2480.
1240
What is the highest common factor of 1810452 and 205212?
588
Calculate the greatest common factor of 25 and 76566575.
25
Calculate the highest common factor of 3260232 and 48.
24
What is the greatest common divisor of 4133 and 129?
1
Calculate the greatest common factor of 869217 and 53418.
87
What is the greatest common divisor of 18 and 47597050?
2
Calculate the greatest common factor of 11213661 and 2232.
93
Calculate the highest common divisor of 3843 and 9091719.
63
What is the highest common divisor of 8082 and 76662?
18
What is the greatest common divisor of 24736 and 463027?
773
Calculate the highest common divisor of 203205 and 138682065.
10695
Calculate the highest common factor of 1294720 and 560082.
578
What is the greatest common factor of 4 and 255872944?
4
Calculate the highest common factor of 99 and 2234391.
3
Calculate the greatest common divisor of 66 and 155012946.
66
Calculate the highest common factor of 20672421 and 462.
231
What is the highest common factor of 513894 and 1834142?
4178
Calculate the highest common divisor of 252 and 19522044.
36
What is the highest common factor of 1301609 and 51456?
67
Calculate the highest common factor of 6572 and 18279700.
212
What is the highest common factor of 3717768 and 558?
186
What is the greatest common divisor of 9072 and 52701600?
336
Calculate the highest common divisor of 844 and 27208028.
844
Calculate the greatest common factor of 380401397 and 445.
89
What is the greatest common factor of 480 and 20058240?
480
What is the highest common divisor of 2231 and 2031751?
23
What is the highest common divisor of 442 and 1671423?
221
Calculate the highest common factor of 1562 and 43514977.
781
What is the greatest common divisor of 8284 and 50628?
4
What is the highest common factor of 28923 and 754797?
933
What is the highest common factor of 1240 and 15494420?
620
What is the highest common divisor of 2215 and 935335?
5
Calculate the greatest common factor of 20 and 563020.
20
What is the greatest common divisor of 39553 and 1523325?
1069
What is the highest common factor of 4746 and 15388?
2
Calculate the greatest common factor of 581713 and 3289.
11
What is the highest common factor of 42914385 and 3720?
465
What is the highest common factor of 3928 and 2455710968?
3928
What is the highest common factor of 154 and 43550038?
14
Calculate the greatest common factor of 5332814 and 8018.
422
What is the greatest common divisor of 36572880 and 290?
10
Calculate the greatest common divisor of 8436536 and 37018.
446
Calculate the greatest common divisor of 2785860951 and 381.
381
What is the highest common factor of 89977757 and 1468?
367
What is the highest common divisor of 38041149 and 207?
69
What is the highest common factor of 1988280 and 190?
10
What is the greatest common divisor of 3919753 and 940?
47
What is the greatest common factor of 1481436 and 200552?
1892
What is the greatest common divisor of 914676 and 8568?
84
Calculate the highest common divisor of 844 and 91695958.
422
What is the highest common divisor of 3200 and 36286400?
1600
Calculate the highest common divisor of 1041 and 331128914.
347
Calculate the greatest common factor of 374 and 4780028.
22
What is the greatest common divisor of 556898 and 1442130?
1814
Calculate the greatest common divisor of 248088470 and 343.
343
Calculate the highest common factor of 30946552 and 24.
8
Calculate the highest common divisor of 343 and 493871.
49
Calculate the highest common factor of 7714 and 673246.
266
What is the greatest common divisor of 5139120 and 60480?
1680
Calculate the greatest common divisor of 5823360 and 632880.
2160
What is the highest common factor of 7027802 and 290?
58
What is the greatest common factor of 96 and 5406768?
48
Calculate the highest common divisor of 41478 and 1132554.
186
What is the highest common divisor of 50512 and 289952?
656
Calculate the greatest common divisor of 323642 and 1769174.
1034
Calculate the highest common divisor of 531034 and 59677.
83
What is the greatest common divisor of 11837652 and 20?
4
What is the greatest common factor of 6817 and 5753147?
401
Calculate the greatest common factor of 210252 and 2388.
12
